
-4
Let o(f) = -80*f + 1039. Determine o(13).
-1
Let b(q) = -2*q**2 - 239*q + 720. Calculate b(3).
-15
Let i(q) = -19*q + 110. Determine i(-12).
338
Let o(b) = 39*b + 276. Calculate o(-14).
-270
Let k(o) = -o**3 - 12*o**2 - 24*o + 8. What is k(-3)?
-1
Let g(f) = -35*f**2 + 184*f + 160. Give g(6).
4
Let i(w) = w**3 + 23*w**2 - 27*w - 1083. What is i(-22)?
-5
Let f(q) = 12*q**3 - 199*q**2 + 112*q - 21. Determine f(16).
-21
Let k(f) = -f**3 + 11*f**2 + 59*f - 292. Determine k(4).
56
Let h(s) = 52*s + 74. Give h(-3).
-82
Let q(p) = p**2 + 43*p - 1228. Determine q(19).
-50
Let c(v) = 26*v + 28. Give c(-3).
-50
Let x(i) = 2*i**3 + 36*i**2 - 35*i + 36. What is x(-19)?
-21
Let o(f) = 2428*f - 7288. What is o(3)?
-4
Let u(c) = 2*c**3 + 86*c**2 + 94*c + 160. Determine u(-42).
-260
Let k(d) = 4*d**2 + 38*d - 154. Determine k(5).
136
Let g(c) = -378*c**3 - 2*c**2 + 1. What is g(1)?
-379
Let o(h) = h**2 - 10*h - 440. Give o(28).
64
Let m(r) = -r**3 + 16*r**2 - 113*r + 1422. Determine m(15).
-48
Let z(u) = -1422*u - 5670. Calculate z(-4).
18
Let y(n) = -9*n**3 - 116*n**2 + 5*n - 26. Determine y(-13).
78
Let z(j) = -13*j**3 - j**2 - 3*j + 4. Determine z(-3).
355
Let u(z) = 23*z - 27. Determine u(6).
111
Let b(c) = 495*c - 3457. Calculate b(7).
8
Let u(h) = h**2 - 60*h - 183. Determine u(64).
73
Let z(f) = -2*f**2 + 10*f + 117. Calculate z(-7).
-51
Let z(j) = 37*j - 2452. Determine z(54).
-454
Let k(w) = w**2 + 44*w + 15. Give k(0).
15
Let b(q) = -3*q**3 + 35*q**2 + 50*q + 39. Determine b(13).
13
Let h(n) = 4*n**3 + 130*n**2 - 70*n - 132. Give h(-33).
0
Let q(z) = z**2 + 50*z + 242. Calculate q(-45).
17
Let f(x) = -5*x**2 - 1430*x - 2848. Determine f(-2).
-8
Let r(y) = 2*y**3 - 64*y**2 - 51*y + 1618. Determine r(32).
-14
Let p(w) = 9*w**2 + 553*w + 252. What is p(-61)?
8
Let j(r) = 4*r**2 - 77*r + 39. Calculate j(19).
20
Let t(x) = 2019*x + 10088. Calculate t(-5).
-7
Let c(z) = -2*z**3 - 10*z**2 + 30*z - 16. Calculate c(4).
-184
Let a(f) = 14*f + 93. Give a(-6).
9
Let h(c) = c**3 + 5*c**2 - 378*c - 2267. Determine h(-6).
-35
Let i(m) = 5*m**2 + 428*m + 1462. Give i(-82).
-14
Let p(d) = -d**3 + 20*d**2 - 41*d - 23. Determine p(17).
147
Let t(u) = -26*u - 843. Determine t(-30).
-63
Let x(v) = 3*v**2 - 163*v - 4925. Give x(76).
15
Let c(w) = -20*w + 762. What is c(57)?
-378
Let h(a) = -2*a**3 + 18*a**2 + 48*a - 12. Determine h(11).
32
Let i(v) = -v**3 + 10*v - 10. Give i(-3).
-13
Let s(d) = 52*d + 1292. Give s(-16).
460
Let l(u) = -46*u - 670. Determine l(-11).
-164
Let l(a) = a**2 + a + 5. What is l(0)?
5
Let l(g) = -63*g - 4863. What is l(-77)?
-12
Let t(c) = 16*c**2 + 78*c + 3. What is t(-7)?
241
Let j(l) = l**3 + 21*l**2 - 234*l - 9. Determine j(-29).
49
Let h(s) = -25*s + 938. Give h(37).
13
Let a(d) = -d**2 + 49*d + 365. Determine a(54).
95
Let v(y) = -18*y + 182. Determine v(5).
92
Let b(w) = -21*w + 809. Determine b(36).
53
Let v(m) = 5*m**2 + 18*m + 733. Calculate v(0).
733
Let s(p) = p**3 - 57*p**2 - 182*p + 105. Determine s(60).
-15
Let n(v) = 244*v - 40510. What is n(166)?
-6
Let w(p) = -5*p**3 - 2*p**2 + 4*p + 7. Determine w(-1).
6
Let n(k) = -k**2 + 5*k + 18. What is n(8)?
-6
Let k(g) = 2*g**3 + 5*g**2 - 30*g - 7. Determine k(-5).
18
Let t(h) = h**3 - h**2 - 238*h + 354. Calculate t(15).
-66
Let i(y) = -5*y**2 + 228*y - 96. Calculate i(45).
39
Let l(b) = -3*b**3 - 72*b**2 - 56*b - 32. Determine l(-23).
-331
Let c(t) = t**3 - 9*t**2 + 9*t - 53. Give c(9).
28
Let p(u) = u**3 - 5*u**2 - 18*u - 155. Calculate p(9).
7
Let d(v) = -40*v - 717. What is d(-18)?
3
Let s(a) = 3*a + 25. Give s(-5).
10
Let b(t) = 3*t**2 - 37*t + 55. Calculate b(11).
11
Let b(r) = 265*r - 6472. Calculate b(24).
-112
Let z(w) = 2*w**2 + 5*w - 32. Determine z(8).
136
Let x(c) = 160*c + 483. Determine x(-3).
3
Let s(w) = w**3 + w**2 + 4*w + 1. What is s(-2)?
-11
Let f(s) = s**3 - 55*s**2 + 246*s + 202. Give f(50).
2
Let m(j) = -j**2 - 30*j + 1219. Determine m(23).
0
Let z(l) = l**3 + 42*l**2 - 2*l - 195. What is z(-42)?
-111
Let l(a) = 5*a**2 + 272*a + 3612. Determine l(-23).
1
Let r(b) = b**2 + 54*b - 13. Give r(-52).
-117
Let q(l) = 9*l**3 - l**2 + 2*l - 3. Calculate q(-2).
-83
Let m(d) = -5*d**3 + 59*d**2 + 8*d + 25. What is m(12)?
-23
Let s(t) = -3*t**3 + 127*t**2 + 87*t + 61. Give s(43).
104
Let l(f) = -2*f**3 - 7*f**2 + 2*f. What is l(-3)?
-15
Let p(g) = 2*g**3 - 33*g**2 - 77*g + 1018. Determine p(17).
-2
Let s(k) = 41*k**2 + 2951*k - 131. Calculate s(-72).
-59
Let i(g) = -4*g**3 - g. Give i(1).
-5
Let x(s) = s**3 - 3*s**2 - 5*s - 25. Calculate x(5).
0
Let p(f) = -f**2 - 138*f - 4349. Calculate p(-51).
88
Let f(v) = -2*v**3 - 39*v**2 + 91*v + 553. What is f(-21)?
-35
Let f(g) = -g**3 + 21*g**2 - 1069*g + 24013. Determine f(22).
11
Let u(g) = -g**2 - 342*g - 5842. What is u(-18)?
-10
Let h(a) = -131*a - 16. Determine h(0).
-16
Let r(s) = -30*s + 70. Calculate r(2).
10
Let h(q) = -4*q**3 + 365*q**2 - 88*q - 284. Determine h(91).
-11
Let x(w) = -11*w**2 - 43*w - 117. What is x(-3)?
-87
Let w(v) = -v**3 + 19*v**2 + 83*v - 67. Give w(22).
307
Let c(a) = 39*a + 331. What is c(-8)?
19
Let m(u) = 142*u + 1965. Calculate m(-14).
-23
Let l(b) = 76*b + 573. Determine l(-7).
41
Let q(m) = -m**2 + 49*m - 545. Determine q(19).
25
Let a(f) = 4*f**3 - 23*f**2 + 7*f - 10. What is a(5)?
-50
Let j(o) = -2*o**3 - 29*o**2 - 353*o - 6415. Calculate j(-16).
1
Let r(k) = k**2 + 94*k - 1270. Give r(-106).
2
Let j(k) = -123*k + 311. Determine j(2).
65
Let a(h) = 2*h**2 - 204*h - 822. Give a(-4).
26
Let l(z) = -2*z**3 + z**2 + 2*z + 126. What is l(0)?
126
Let k(i) = i**2 - 26*i + 582. What is k(19)?
449
Let t(d) = -16751*d + 100496. Determine t(6).
-10
Let t(g) = -4*g**3 - 370*g**2 + 183*g - 254. Determine t(-93).
25
Let b(u) = -45*u - 119. Give b(-3).
16
Let j(i) = 150*i - 4765. Calculate j(32).
35
Let l(k) = 6*k**3 - 17*k**2 - 14*k - 1. Give l(-1).
-10
Let d(w) = 63*w + 139. What is d(-2)?
13
Let o(j) = j**3 + 37*j**2 - 4*j - 227. What is o(-37)?
-79
Let l(x) = 99*x - 1624. Give l(17).
59
Let k(t) = -5*t - 20. Give k(-1).
-15
Let z(b) = -b**3 + 23*b**2 + 25*b + 4. Give z(24).
28
Let b(x) = x**3 + 42*x**2 + 445*x + 87. Determine b(-21).
3
Let a(c) = 48*c + 1554. What is a(-32)?
18
Let g(c) = -c**3 + c**2 + 141*c - 220. Determine g(-12).
-40
Let h(m) = 3*m**2 - 63*m - 80. Calculate h(22).
-14
Let i(u) = -u**2 + 197*u - 8764. Calculate i(68).
8
Let i(g) = -368*g - 2201. Give i(-6).
7
Let w(o) = -2*o**2 - 69*o - 204. What is w(-29)?
115
Let a(v) = 2*v**2 - 16*v - 60. Give a(-11).
358
Let q(w) = 70*w - 2881. Calculate q(42).
59
Let j(k) = 23*k - 298. Give j(15).
47
Let y(l) = -l**3 - 87*l**2 + 175*l - 438. What is y(-89)?
-171
Let q(s) = s**2 + 435*s - 6270. Determine q(14).
16
Let a(q) = -2122*q - 6365. What is a(-3)?
1
Let c(l) = -l**3 + 15*l**2 + 10*l + 73. Calculate c(-5).
523
Let n(l) = 918*l + 24776. Calculate n(-27).
-10
Let h(w) = w**2 - 5818*w + 17444. Give h(3).
-1
Let q(m) = m**3 - 19*m**2 - 70*m + 987. Give q(20).
-13
Let y(h) = 1415*h - 22642. What is y(16)?
-2
Let v(y) = -y**3 - 6*y**2 + 269*y - 962. Determine v(-21).
4
Let k(p) = p**3 - 38*p**2 + 165*p + 12. What is k(33)?
12
Let l(d) = -599*d - 1202. Calculate l(-2).
-4
Let n(u) = 137*u + 12351. Determine n(-90).
21
Let q(r) = -6*r**2 - 703*r - 124. Give q(-117).
-7
Let b(a) = 10*a**2 + 650*a + 21. Give b(-65).
21
Let w(u) = -u**3 - 85*u**2 + 261*u - 250. What is w(-88)?
14
Let o(t) = 339*t + 3787. Give o(-11).
58
Let h(b) = -7*b**3 - 4*b**2 + 5*b - 3. Calculate h(2).
-65
Let l(i) = 2*i**2 + 13*i + 61. Determine l(-10).
131
Let l(w) = -w**3 + 8*w**2 - 74*w + 469. Determine l(7).
0
Let g(k) = k**3 - 5*k**2 + 5*k + 2. Calculate g(7).
135
Let y(g) = 2*g**3 - 83*g**2 - 234*g + 760. Determine y(44).
144
Let x(m) = -62*m**2 + 54*m + 2. Give x(1).
-6
Let y(d) = d**3 - 11*d**2 + 35*d - 453. What is y(11)?
-68
Let k(h) = 35*h + 172. Calculate k(-5).
-3
Let g(h) = -h**2 - 30*h - 30. What is g(-27)?
51
Let g(y) = -2*y**3 + 152*y**2 - 168*y + 1388. Calculate g(75).
38
Let k(y) = -4*y**2 - 273*y - 2179. Give k(-59).
4
Let m(d) = 2*d**3 + 147*d**2 + 89*d + 1042. What is m(-73)?
-126
Let r(u) = u**3 - 37*u**2 - 35*u - 51. Give r(38).
63
Let u(x) = -1332*x + 39938. What is u(30)?
-22
Let f(h) = -6917*h + 20750. Determine f(3).
-1
Let g(q) = q**2 + 23